-357, -4*n + 5*d + 355 = -p*d. List the prime factors of n.
2, 3, 5
What are the prime factors of ((7731/(-6))/3)/((-1)/2)?
859
Let d(f) = -68*f. Let w be (0 + 1)*-6 + 4. What are the prime factors of d(w)?
2, 17
Let c be (-4 - 8)*(-3)/6. Let t(p) = -p + 26. List the prime factors of t(c).
2, 5
Let n(t) = -1. Let c(p) = 7*p - 4. Let m = -9 + 8. Let j(v) = m*n(v) + c(v). List the prime factors of j(4).
5
Let m = 9073 + -5151. List the prime factors of m.
2, 37, 53
Suppose -5*u = -4*u. Suppose -4*l + u*l = -4. List the prime factors of l/(-2*(-4)/312).
3, 13
Suppose -5*z - 2091 = p - 9941, -4*z = -2*p - 6280. What are the prime factors of z?
2, 5, 157
Let v(s) = -292*s + 65. What are the prime factors of v(-2)?
11, 59
Suppose 2 + 4 = x + 2*s, -2*s + 4 = 0. Let i be 1/x*(-38 - -2). Let w = i + 36. List the prime factors of w.
2, 3
Let d(a) = -2*a - 6. Suppose 0 = g + g. Let k be g/(-1) - (-14)/(-2). What are the prime factors of d(k)?
2
Suppose -4*t - 6 = -70. Suppose 6*m - t - 14 = 0. List the prime factors of m.
5
Let f = 965 - 704. List the prime factors of f.
3, 29
Let l be (-3687)/21 + (-6)/14. What are the prime factors of (-12000)/l + 2/(-11)?
2, 17
Let v be (-9 + 9)*(1 - 2). Suppose v = -d + 4, -5*a + 198 + 400 = 2*d. What are the prime factors of a?
2, 59
Let a = -66 - -98. Suppose -w = 2*b - a + 5, 5*w + 3*b - 121 = 0. Suppose c = -4 + w. List the prime factors of c.
19
Suppose r = 2*r - 2. Let l(q) = -q**2 - 13*q - 34. Let j be l(-4). Suppose r*t + j = 34. List the prime factors of t.
2
Suppose -p = 4*p + 20, 20 = 4*q - p. Let y(u) = -u**2 + 3*u + 5. Let g be y(q). List the prime factors of g + 5 + 0/(-8).
2, 3
Let o = -63 - -57. What are the prime factors of ((2/o)/1)/(18/(-4482))?
83
Let q(b) = -b**3 + 43*b**2 - 25*b + 121. List the prime factors of q(9).
2, 5, 53
Let f be (1 - 3) + (14 - 0). Let d(p) = -11*p**2 + 37*p - 24. Let c(y) = 5*y**2 - 18*y + 12. Let l(i) = -9*c(i) - 4*d(i). List the prime factors of l(f).
2, 3
Let o(i) = -i**3 + 9*i**2 - 9*i + 88. List the prime factors of o(8).
2, 5
Suppose 10*l - 306 = 13*l. List the prime factors of ((-1)/(-2))/(1 + 99/l).
17
Let q(a) = 2*a**3 + a**2 + 3*a - 2. Let v be q(3). Let y = v + -28. What are the prime factors of y?
2, 3, 7
Let h(c) = -7*c + 79. List the prime factors of h(-19).
2, 53
Suppose 22*d - 20*d - 168 = 0. Suppose -3*s = s - d. List the prime factors of s.
3, 7
Suppose -w = 2*b + 58, 5*w + 223 = 3*b - 15. Let s = 179 + w. What are the prime factors of s?
3, 43
Let l(v) = v**3 + 11*v**2 + 18*v. Let h be l(-9). Let j(y) = 3*y + 115. What are the prime factors of j(h)?
5, 23
Let z(i) = 2*i**2 - 7*i + 1. Suppose -8*t + 47 = -17. What are the prime factors of z(t)?
73
Let i(k) be the first derivative of k**5/20 + 5*k**4/12 - k**3/3 - 3*k**2 - 7*k + 3. Let l(j) be the first derivative of i(j). List the prime factors of l(-5).
2
Suppose -4 = -r, -2*r + 3*r - 9374 = -5*i. What are the prime factors of i?
2, 937
Let w(v) = -v**2 + 4*v + 1. Let m be w(2). Suppose m*q - 229 = -79. List the prime factors of q.
2, 3, 5
Suppose -n - 113 + 122 = 0. List the prime factors of n.
3
Let f(r) be the second derivative of 53*r**3/6 - 2*r**2 + 7*r. What are the prime factors of f(2)?
2, 3, 17
Suppose 4*m = -5*n + 9640, 1942 = 8*n - 7*n - 2*m. List the prime factors of n.
2, 3, 7, 23
Let d = 206 - 149. Suppose d = -5*k + 292. List the prime factors of k.
47
Let f(w) = 52*w + 193. What are the prime factors of f(25)?
1493
List the prime factors of (2884/5)/((-60)/(-150)).
2, 7, 103
Let l(p) = 34*p - 27. Let b be 9 - 4/((-16)/(-12)). Let i be l(b). Suppose 4*w = 5*j - i, 2*w + 89 + 92 = 5*j. List the prime factors of j.
37
Suppose -6*n + 320 = -454. List the prime factors of (-1 - 1)*n/2*-1.
3, 43
Let x(j) = 60*j**3 - j**2 - j + 1. Let u be x(1). Let n = u + 96. List the prime factors of n.
5, 31
What are the prime factors of (7 + 3)/(6/(18 + 6))?
2, 5
Suppose -44*b + 42*b = 4*o - 2448, -4*b = -o - 4941. List the prime factors of b.
2, 617
Suppose -6*p = -3*c - 5*p + 1, -5*c - p + 15 = 0. Suppose -3*u + 1755 = c*u - 5*w, 0 = 2*u - 3*w - 706. What are the prime factors of u?
347
What are the prime factors of ((-8 - -3)*1)/((-10)/1010)?
5, 101
Let l(j) = 8*j - 1. Let r = -10 - -22. Let f = r + -10. What are the prime factors of l(f)?
3, 5
Let i = 6575 + -3639. What are the prime factors of i?
2, 367
Suppose -19*q + 28*q = 7434. What are the prime factors of q?
2, 7, 59
Let o = -84 + 96. Let v(l) = l**3 - 12*l**2 + 6*l - 28. What are the prime factors of v(o)?
2, 11
Let l = 104 + -173. Suppose 5*v + 5*n = -560, n + 9 = 4. Let m = l - v. What are the prime factors of m?
2, 19
Let p = 2632 - 1290. What are the prime factors of p?
2, 11, 61
Let a = -175 - -1480. List the prime factors of a.
3, 5, 29
Suppose 6*u - 15*u - 81 = 0. Let w = u + 297. List the prime factors of w.
2, 3
Let x(y) = 19*y**2 + 3*y - 7. List the prime factors of x(-6).
659
Suppose 0*z - z = -42. Let m be ((-3)/(-2))/(-3)*-2. Suppose 4*r + z = p - m, 109 = 3*p - 2*r. List the prime factors of p.
5, 7
Suppose t = -3*m, -3 = -3*t + 2*t. Let f be (-1 + m)/((-3)/108). Suppose -j + f = 3*j. What are the prime factors of j?
2, 3
Let d = -275 - -432. What are the prime factors of d?
157
Let c be (16/40)/((-1)/(-10)). Suppose 3*b = -2*b - c*h + 154, 132 = 4*b + h. List the prime factors of b.
2, 17
Suppose 1291 + 1337 = 9*j. List the prime factors of j.
2, 73
List the prime factors of 4272/32*16/3.
2, 89
Let o = 33 - 30. Suppose 233 = o*z + 5*v, 5*v + 44 = 2*z - 78. What are the prime factors of z?
71
Let u be 6/(-27) + -1*1383/(-27). Let n = u + -10. List the prime factors of n.
41
Suppose 1649 = 3*t + 2. What are the prime factors of t?
3, 61
Let h = 21 + -31. Let j(m) = -7*m - 8. What are the prime factors of j(h)?
2, 31
Suppose 0 = 3*x - 6. Suppose -53 = x*y + 79. What are the prime factors of (6/9)/((-4)/y)?
11
Let p(f) = 8*f**2 - 16*f**2 + 0*f**2 + 19*f + 25 + 7*f**2. List the prime factors of p(15).
5, 17
Let k(n) = 22*n**2 + 14*n + 26. List the prime factors of k(-8).
2, 661
Let t = -2126 - -3103. What are the prime factors of t?
977
Suppose -5*k - 2*q = 3*q + 5, -3*q = 4*k + 3. Suppose k = 20*j - 23*j + 33. List the prime factors of j.
11
Suppose 5*b + 81 = 96. Suppose -b*h = -5*h - 5*g + 190, 0 = -5*h + 4*g + 409. What are the prime factors of h?
5, 17
Suppose 4148 + 1195 = 3*n - 3*w, 2*n - 5*w - 3571 = 0. What are the prime factors of n?
2, 7, 127
Suppose -43*g + 52*g - 4293 = 0. List the prime factors of g.
3, 53
Let h = -6 - -14. List the prime factors of (-495)/(-77) + h/14.
7
Let n(m) = -m**2 - m + 7. Let b be n(-4). What are the prime factors of -5 + 266/(-3 - b)?
2
Let s(y) = 141*y**2 + 3*y - 1. What are the prime factors of s(-2)?
557
Let u(x) = x**3 + 22*x**2 - 8*x - 7. Let z be u(-22). Suppose j = 2*y + 87, -z = -5*j + 4*y + 296. What are the prime factors of j?
97
Let l = -14 + 18. Suppose 3*r + l*n - 32 = 16, -30 = -2*r - 2*n. List the prime factors of 1 + r - (0 + 0).
13
Suppose 0 = -3*u + 2571 - 873. What are the prime factors of u?
2, 283
Suppose -6*x + 598 + 2990 = 0. List the prime factors of x.
2, 13, 23
Suppose 2*w - 2*h = -1 - 21, 5*w = 3*h - 61. Let c = 21 - w. What are the prime factors of c?
5, 7
Let y(z) = 3*z**3 + 73*z**2 - 22*z - 53. List the prime factors of y(-24).
1051
Let a = -13 + 18. Suppose -4*f + 249 = f + 2*c, -a*c + 59 = f. Suppose 0 = -5*m - l + f, -2*m + 3*l + 6 = -0. List the prime factors of m.
3
Let r(k) = k**3 - 18 + 0 + 12*k**2 + 1 + 0*k - 4*k. Suppose -d + 4*w - 27 = w, 4*d - 4*w + 68 = 0. List the prime factors of r(d).
31
Let q(g) = 7*g - 44. Let n be q(10). Suppose 0 = n*o - 25*o - 134. What are the prime factors of o?
2, 67
Let w = -2535 - -3675. List the prime factors of w.
2, 3, 5, 19
Let w = 14 + -9. Suppose -4*x + 13 - w = 0. Suppose -4*b + 102 = -x*b. What are the prime factors of b?
3, 17
Let w(a) = a**3 + 7*a**2 + 4*a - 1. Let u(q) = -q**2 - q - 15. Let d be u(0). Let k = d - -10. List the prime factors of w(k).
29
Let p = 536 - -348. List the prime factors of p.
2, 13, 17
Suppose 7 - 12 = -m. Suppose -i = 3*u - 59, m*u + 5*i = u + 97. What are the prime factors of u?
2, 3
Let s(z) = z**2 - 10*z - 9. Suppose v + 12 = 6. Let m = -10 - v. What are the prime factors of s(m)